.
10
Let i(j) = -j**2 - 16*j - 40. Let x(s) = 3*s + 56. Let a be x(-20). Let o be i(a). Calculate the greatest common factor of 6 and o.
2
Let r = 4 + 16. Suppose -53*u + 5040 - 715 + 5745 = 0. What is the greatest common divisor of u and r?
10
Let c = -16588 + 16664. Calculate the greatest common divisor of c and 6251.
19
Let z be (13/(65/(-4)))/((-1)/25). Suppose 4*a + 5*i - 27 = 3*a, -5*a = 2*i - z. Let b be (-27)/(33/(-12) + a). What is the greatest common factor of 54 and b?
18
Let n(k) = -20 - 167*k**2 + 330*k**2 - 165*k**2 + 10*k. Let d be n(4). Let i be ((-1)/(-6) - 2/d)*147. Calculate the greatest common divisor of i and 343.
49
Let m = -191 - -31. Let c = 182 + m. What is the highest common divisor of 55 and c?
11
Let h be -6*(-1)/(-4)*-2. Let o be 4 + (-4 - -6 - h). Suppose -2*r - o*r + 400 = 0. What is the highest common divisor of r and 32?
16
Suppose 153*g = 158*g + 4*w - 533, 3*w + 309 = 3*g. Calculate the greatest common divisor of 595 and g.
35
Suppose 4*s = 2*y + 50, 0 = s - 2*y - y - 5. Let f = 46 + -10. Suppose -a + 92 = f. Calculate the highest common factor of a and s.
14
Let y be ((-136)/22)/((-2144)/176 - -12). What is the highest common divisor of y and 187?
17
Suppose 5*a = -3*p - p + 1702, a + 2*p = 344. Suppose -5*t + 4*u + 118 = 0, 6*u - 10*u = -3*t + 66. What is the greatest common factor of t and a?
26
Let w = -1715 - -1772. Calculate the greatest common factor of w and 348.
3
Suppose -49*w + 277695 = -15*w + 102833. Calculate the greatest common divisor of w and 74.
37
Let c = -5 + 17. Let s(u) = u**3 + 17*u**2 + 23*u - 21. Suppose 3 = -9*j - 132. Let p be s(j). Calculate the greatest common divisor of p and c.
12
Suppose 2*u + 1 = 13. Let i be (1/u)/((-2)/(-60)*5). Calculate the greatest common divisor of i and 1.
1
Let d be (-3 + 2)/((-5)/(-15)) - -15. What is the greatest common factor of 10596 and d?
12
Let n(k) = k**3 + k**2 + 5*k - 10. Let o be n(3). Let p = o + 151. Calculate the highest common divisor of p and 64.
64
Let j = 5302 + -4719. What is the greatest common divisor of j and 265?
53
Let w = 207 + -204. Let j(p) = p**3 - 2*p**2 - p - 3. Let n be j(w). Calculate the greatest common divisor of 5 and n.
1
Suppose -143 - 494 = -7*r. Let n = -46 + r. What is the greatest common factor of n and 495?
45
Let d = -2311 - -2314. Calculate the greatest common factor of 2463 and d.
3
Let z(h) = 7*h**2 - 2*h + 9. Let a(u) = -u**2 - u + 2*u + 1 + 2*u**2. Let x(t) = -a(t) + z(t). Let r be x(2). What is the greatest common factor of 208 and r?
26
Let f = -20625 - -20691. Calculate the greatest common divisor of 16599 and f.
33
Suppose 21*s - 4140 = -11*s + 17*s. Calculate the highest common divisor of s and 876.
12
Let t be ((-4030)/312 + 13)/(2/24). What is the greatest common divisor of 347 and t?
1
Let p = 314 - 12. Suppose -2 = -v, 4*f - 5*v + 0*v = p. Let l(h) = -h + 6. Let b be l(0). What is the greatest common factor of f and b?
6
Let l be (-18 - 1)/(5/(-10)). Let z = l + -25. What is the greatest common factor of z and 416?
13
Suppose 0 = -31*u + 168*u + 31*u - 37968. What is the highest common factor of 2825 and u?
113
Let j(u) = 2*u**3 + u**2 - 2*u - 1. Suppose 40 = -10*y + 6*y. Let g = 12 + y. Let w be j(g). Calculate the greatest common divisor of w and 3.
3
Let f(v) = -703*v - 185. Let k be f(-1). What is the greatest common factor of k and 21?
7
Let g(b) = 31*b**2 + 1053*b + 42. Let k be g(-34). Calculate the greatest common factor of k and 1216.
76
Suppose -3*l - 3*f + 246 = 0, l - 100 = 2*f - 24. What is the highest common factor of l and 6360?
40
Let r be (968/847)/((-4)/(-4606)). Calculate the highest common factor of 140 and r.
28
Let b = 19 - 19. Suppose 4*c + 1 - 17 = b, -j + 4*c + 82 = 0. Suppose 3*o - 279 = p + 165, -2*o - 4*p + 282 = 0. What is the highest common divisor of o and j?
49
Let p(n) = 97*n - 4626. Let w be p(56). What is the greatest common factor of w and 1054?
62
Let p be (27/(-18)*(-1)/1)/(3/4606). What is the highest common divisor of p and 49?
49
Let j be (-468)/(-27) + -13 - (5/(-3) - -1). What is the highest common factor of j and 2705?
5
Let o be (-64)/(-2) - (-10 + (0 - -6)). Suppose -2*x - o = -130. Calculate the greatest common factor of x and 188.
47
Let o = 40593 + -40578. Suppose -8*m + 112 = -4*d - 3*m, 4*m + 30 = -2*d. Let v = d - -68. What is the greatest common factor of v and o?
15
Let r be (-10648)/198 + 1/9*-2. Let x = r + 64. Let o be 40/16*36/x. What is the greatest common factor of 6 and o?
3
Let d be (-10)/(-4)*(-544)/(-17). Suppose 5*a + 211 = 5*w + 346, 21 = a - 3*w. What is the highest common divisor of d and a?
10
Let r = 13376 - 12645. What is the greatest common divisor of r and 43?
43
Let k(s) = -s**3 + 3*s**2 + 3*s + 2. Let w be (-2)/((-6)/(-333)*-3). Let z = 35 - w. Let n be k(z). What is the highest common factor of 4 and n?
4
Suppose -4*p + 0*p + 2454 = 2*g, -p = 4*g - 631. Suppose -4*o + 108 = 5*t - 243, -t = -2*o + 193. Calculate the greatest common divisor of o and p.
47
Let n = 7 - 1. Let g be (0/((-5 - -1) + 5))/(26 - 25). Suppose -n*y + 3*y + 63 = g. What is the highest common divisor of 42 and y?
21
Suppose -3*x - 2*x = 2*x. Let f be 10/5 - (1 - x)*-11. What is the greatest common divisor of 65 and f?
13
Let x be (-45 + 41 - (-188)/9)/((-4)/(-18)). Calculate the greatest common factor of x and 3496.
76
Suppose -5*f + 0*f = -255. Let q(x) = -2*x**3 - 28*x**2 + 35*x + 48. Let z be q(-15). Let d = f + z. Calculate the highest common factor of d and 8.
8
Suppose 0 = -11*t + 262 - 240. Calculate the highest common factor of 1042 and t.
2
Suppose 81 = y + 70. Let d(x) = -x**2 + 12*x - 8. Let i be d(y). Let a be -4*(i + -6) + (-5 - -3). What is the highest common factor of 25 and a?
5
Let k = -390 - -394. Let p be (-3)/k*(-3)/9*88. What is the highest common divisor of 10 and p?
2
Let x = 948 - 555. What is the highest common divisor of x and 3799?
131
Let l = -784 + 785. Let m be l/(2*3/2580). What is the greatest common divisor of 10 and m?
10
Let h be (-79765)/(-1155) + 5 + (-4)/66. What is the greatest common divisor of h and 9620?
74
Suppose 0 = 13*l + 463 - 1607. Let a(i) = -i**3 - 16*i**2 - 5*i - 28. Let j be a(-20). Calculate the greatest common divisor of l and j.
88
Let c = -17469 + 31665. What is the greatest common divisor of 169 and c?
169
Let t = -1793 - -2552. Suppose 2168 + 987 = 114*s + 533. What is the highest common divisor of t and s?
23
Suppose -5*u = -14*p + 552, 3*p - 2*u + 3*u - 110 = 0. What is the greatest common divisor of 7619 and p?
19
Suppose 952 = 2*g + 5*g. Suppose 8*w - 7*w = 5*u - g, -86 = -3*u + 5*w. What is the greatest common factor of 6 and u?
3
Suppose 0 = -4*g, -7 + 94 = 3*t - 4*g. What is the highest common divisor of 493 and t?
29
Let w be 492/16 + (-1)/(-4). Let d(v) = 747*v - 719. Let y be d(2). Calculate the greatest common factor of w and y.
31
Let x = 836 - 499. Let m = x + -271. What is the highest common divisor of m and 18?
6
Let f = 605 - 314. What is the highest common divisor of f and 679?
97
Let u = 4151 + 2987. What is the greatest common divisor of 332 and u?
166
Suppose 9*k = -2011 + 10246. Suppose k = 22*o - 1197. What is the greatest common factor of 3 and o?
3
Let b(q) = 42*q**2 + 12*q + 12. Let j be b(-1). Suppose -j*x + 34*x = -72. Calculate the greatest common divisor of 315 and x.
9
Let y be -4 + 585/10 - 3/6. Let t be (1 - (-5)/(-15))*y. What is the greatest common divisor of 60 and t?
12
Let n = 14355 + -12847. Calculate the greatest common factor of 52 and n.
52
Suppose 0 = 44*m + 1815 - 2079. What is the greatest common factor of m and 5637?
3
Let l be (-10)/3*1134/(-210). Let f(h) = -h**2 + 3*h - 1. Let a be f(3). Let q be a*(-1 + 2) - -46. Calculate the greatest common divisor of l and q.
9
Let y(j) = -55*j + 34*j - 27 + 32*j. Let d(c) = 10*c - 28. Let g(t) = 4*d(t) - 3*y(t). Let k be g(13). What is the greatest common factor of 12 and k?
12
Let w = 37256 - 36627. What is the greatest common divisor of w and 1961?
37
Let s be 835 + -8 + 54/9. Let u be 3/((-3)/17)*-1. What is the greatest common factor of u and s?
17
Let h(u) = 16*u**2 + 8*u - 3. Let k be ((-14)/(-4))/7*6. Let l be h(k). Calculate the highest common divisor of 3 and l.
3
Suppose 0 = 340*t - 312*t - 196.